prime factors of v + (-5)/((-15)/99).
3, 11
Suppose -26*x + 6824 = -18*x. Let f = x - 583. List the prime factors of f.
2, 3, 5
Suppose 0 = 2*c - 3*p - 1520, 146*p - 1506 = -2*c + 142*p. What are the prime factors of c?
757
Let x(a) = a**2 - 8*a + 12. Let b be x(6). Suppose 64*v - 66*v + 266 = b. What are the prime factors of v?
7, 19
Let q(y) = y**2 - 2*y - 11. Let r = -4 + 9. Let s be q(r). Suppose a - 15 = -s*a. List the prime factors of a.
3
Let j be (-147)/(-2 - -5) - -1. Let k = 90 + j. List the prime factors of k.
2, 3, 7
Let j = 806 - 545. Let r = -117 + j. What are the prime factors of r?
2, 3
Let k be (3 - (-8)/(-3))*3*-2. Let c be 90/4*16/3. What are the prime factors of (k + c)*(-5)/(-10)?
59
Suppose -194*t - 17518 = -213*t. List the prime factors of t.
2, 461
Suppose -826 = 5*s - 7*s. What are the prime factors of s?
7, 59
Let n = -77 + 62. List the prime factors of (-434)/(-3) + (10/n - -1).
5, 29
Let h(f) = -f**2 + 96*f - 168. What are the prime factors of h(67)?
5, 71
Let n(k) = 224*k**2 - 2*k - 2. Suppose -5*g = 16 - 11. What are the prime factors of n(g)?
2, 7
Let v(g) = -g**3 - 38*g**2 - 86*g + 56. List the prime factors of v(-36).
2, 5, 7
Let q(o) = -50*o + 2. Let i(v) = -v**2 - 12*v - 37. Let t be i(-7). What are the prime factors of q(t)?
2, 3, 17
Suppose -k + 2*p = -5*k + 4758, 3*k - 3601 = 5*p. List the prime factors of k.
2, 149
Suppose 0 = -4*g - 11*u + 13*u + 1738, -5*g = -5*u - 2180. What are the prime factors of g?
433
Suppose -304*r + 296*r = -2264. List the prime factors of r.
283
Let c = -460 + 1198. What are the prime factors of c?
2, 3, 41
Let k(a) = -15*a**2 - a**3 + 6 - 7*a - a**2 + 25*a**2. List the prime factors of k(7).
5, 11
Let b = -65 - -197. Suppose 3*q + t = b, q - 132 = -2*q + 2*t. What are the prime factors of q?
2, 11
Let d be (38/(-4))/(6/(-12)). Suppose -w = -5*t + d, 4*w = 2*t - 14 - 26. Let j = 28 + w. What are the prime factors of j?
19
Let i(a) = -89*a + 165. What are the prime factors of i(-6)?
3, 233
Let t be 12/(-8) - (-4167)/(-6). List the prime factors of (5/(-4))/((-2)/t*-3).
5, 29
Let t(r) = 5*r**2 - r + 2. Let n be t(2). Suppose 0 = y - n + 7. Let z = 13 + y. What are the prime factors of z?
2, 13
Let y(k) = 5*k**2 - 15*k + 106. What are the prime factors of y(11)?
2, 3, 7, 13
Suppose -11*z = 3*x - 4229 - 8470, 2*z = 6. What are the prime factors of x?
2, 2111
Let s = -125 - -243. Let k = 184 - s. List the prime factors of k.
2, 3, 11
Suppose 4*h = 5*l - 1 - 34, h - 7 = -4*l. What are the prime factors of (-1)/((-1976)/(-396) + h)?
3, 11
Suppose -2*q - 4*b = -1 - 1, 2 = 2*q - 5*b. Suppose -3*x + 25 = q. Suppose -12 = -5*m - 5*p + x, -2*p = 10. List the prime factors of m.
3
Suppose 2*x = -x - 912. Let p = x - -454. What are the prime factors of p?
2, 3, 5
Let d = 7 - -107. What are the prime factors of d?
2, 3, 19
Let g(n) = -n**3 + n - 1. Suppose 54 = -6*v - 12. Let p(k) = k**2 + 12*k + 7. Let i be p(v). What are the prime factors of g(i)?
59
Let l(w) = w**3 + 4*w**2 + 2*w**3 + 6 - 2*w**3 - 3 - 2*w. Let s be l(3). Let p = -38 + s. What are the prime factors of p?
2, 11
Suppose -5*x + 2608 = -x. What are the prime factors of x?
2, 163
Let w(o) = -o**2 - 6*o - 4. Let j be w(-4). Suppose -j*v - 2*d - d + 28 = 0, v + 10 = -5*d. List the prime factors of -2 + -1 + v - -4.
11
Let w(t) = 3*t**2 - 7. Let m be w(2). Let a = -18 - -39. Suppose -3*l - m*b = -4*b - 21, 2*b + a = 3*l. List the prime factors of l.
7
Let k = -1047 + 1529. List the prime factors of k.
2, 241
Let b(u) = u**2 + 10. Let q be b(0). Let n = 12 - q. Let z = 12 + n. List the prime factors of z.
2, 7
Let p be (-2)/(3 - (4 + -3)). List the prime factors of (1125/15)/(1/(-2)*p).
2, 3, 5
What are the prime factors of 56/26 + -2 + 834867/1053?
13, 61
Suppose 7644 = 10*o + 724. What are the prime factors of o?
2, 173
Suppose 3*b = 3*q, 5*b + 7 - 27 = 0. Suppose 0 = 3*y - 5*t + 8*t - 102, 0 = -2*t + q. What are the prime factors of y?
2
Let y be (0 - -3) + -1 + 2. Suppose -y*k + 76 = 3*t - 162, 0 = t + 2. List the prime factors of k.
61
Suppose -4*k = -8*k - 8. Let t(w) = w**2 - w - 2. Let v be t(k). Suppose 0 = -v*c + 18 + 14. List the prime factors of c.
2
Let b be (1 + -3 + -2)/2. Let g be (3 + b)*(-6 + 11). Suppose 2*a - g*a = -156. List the prime factors of a.
2, 13
Let u(k) = -113*k**3 + 2*k + 2. Let f be ((-1)/2)/(2/4). List the prime factors of u(f).
113
Let t = 1024 - 471. List the prime factors of t.
7, 79
Suppose 3*x - 60 = -3*w, 20 = w - 6*x + 2*x. What are the prime factors of w?
2, 5
Let n(q) = -10*q + 1 - 6 + 2 - 11. List the prime factors of n(-7).
2, 7
Let r be (-1 - 95)*(-10)/(-20). Let q = r + 99. List the prime factors of q.
3, 17
Let t = 32 + 70. Suppose 3*a - t = -0*a. List the prime factors of a.
2, 17
Let f(l) = -5*l**3 - 3*l**2 - 2*l. Suppose 4*m - 3*u + 8 = 0, 8 - 2 = -3*m + 5*u. Let b be f(m). Let r = -10 + b. What are the prime factors of r?
2, 11
Suppose -p - 159 = -2*f - 6*p, -5*f = -5*p - 450. What are the prime factors of f?
3, 29
Let a = 346 + -611. Let d = -121 - a. Suppose 0 = 3*q - 4*r - 176, -d = -5*q + 2*r + 140. List the prime factors of q.
2, 7
Let x(n) = n - 1. Let z be x(3). Let b be ((-1)/3)/(12/180). List the prime factors of (0 - 1)*z*b.
2, 5
Let i(u) be the third derivative of -u**5/60 + u**4/24 + 37*u**3/3 + 2*u**2. Let t be i(0). Let y = t + -49. List the prime factors of y.
5
Let o(q) = 6*q**2 - 6*q - 8. Let y be o(7). Suppose 3*w = -5*t + y, 0*w + 38 = t - 3*w. List the prime factors of t.
47
Let q(n) = 8*n**2 + n - 6. Let j(a) = -4*a**2 + 3. Let b(c) = -9*j(c) - 4*q(c). What are the prime factors of b(-6)?
3, 5, 11
Suppose -11*u - 1350 = -6839. What are the prime factors of u?
499
Suppose -630*q + 647*q = 22627. What are the prime factors of q?
11
Suppose 2*g - 9 - 5 = 0. Suppose 4*j - 5*f = 21, g = -5*j + f + 28. Suppose -7*u = -j*u - 186. List the prime factors of u.
2, 31
Let d(h) = h + 32. Let u be d(-11). Suppose -18*y + u*y - 207 = 0. Suppose -l + 4*l = y. List the prime factors of l.
23
Let v = -3 + 5. Let t(n) = 4*n - v - 6*n - 4*n. What are the prime factors of t(-2)?
2, 5
Suppose 4*f + 40 = 2*f. Let m = 9 - f. Suppose -3*w + 0*w - 5*v + 19 = 0, -w = -4*v - m. What are the prime factors of w?
13
Let k(c) be the third derivative of c**6/120 + 11*c**5/60 + 5*c**4/12 + 5*c**3/3 + 11*c**2. List the prime factors of k(-9).
2, 41
Suppose w = 5*w - 24. Let a be ((-2)/w)/(3/(-45)). Suppose -a*i = -3*i - 60. What are the prime factors of i?
2, 3, 5
Let b = -1585 - -2354. What are the prime factors of b?
769
Let v = 128 - -68. What are the prime factors of v?
2, 7
Let g = 215 - 92. What are the prime factors of g?
3, 41
Suppose -27*v = -22*v - 45. What are the prime factors of -6 - -2 - (-486)/v?
2, 5
Let q = 387 + -191. Suppose -10*l - q = -14*l. What are the prime factors of l?
7
Suppose -5*r - 2*j + 6067 = 0, 55*r - 5*j - 6095 = 50*r. List the prime factors of r.
3, 5
Let q be (71/3)/(-1 + 4/6). Let c = 26 - q. List the prime factors of c.
97
Let h be 5 - 1 - (-18)/(-6). Let m(k) = 52*k**2 + 1. What are the prime factors of m(h)?
53
Let w be (1 + -1)*(-2)/(-6). Let o(a) = 3*a - 13. Let r be o(w). Let g = r + 28. List the prime factors of g.
3, 5
Suppose 73*y - 75*y + 200 = 0. List the prime factors of y.
2, 5
Let o = -31 + 147. Suppose -2*g + o + 34 = 0. What are the prime factors of g?
3, 5
Let h = 32 - 24. Let c(f) = f**3 - 8*f**2 + 6*f - 11. What are the prime factors of c(h)?
37
Let r(t) = 97*t**2 - 7*t - 9. List the prime factors of r(-2).
3, 131
Let y(a) = 2*a - 7. Let n be y(5). Let w be 16 - 2*(1 - 0). Let c = n + w. What are the prime factors of c?
17
Suppose 29*f - 32*f + 7608 = 0. What are the prime factors of f?
2, 317
Suppose 3*c - 6*c = -594. Suppose -3*t + 24 = -c. List the prime factors of t.
2, 37
Let q(d) = d**3 - 5*d**2 + 9*d - 6. Let m be q(4). Suppose -782 = -m*n + 114. What are the prime factors of n?
2
Let c = -14 - -19. Suppose -x + t + 12 = 0, c*x - t - 50 = 2*t. Suppose -3*k = x - 31. What are the prime factors of k?
2
Let r = -601 - -1280. What are the prime factors of r?
7, 97
Suppose 5*q - 9*o + 13*o - 5049 = 0, -4*o + 4 = 0. List the prime factors of q.
1009
Let j = 7 + 3. Suppose -5*i - 2*u + j = 0, -2*u = i - 5 - 5. Suppose 12 = 4*b, 5*r + 